11
Let h(u) = -11*u. Let j be h(-1). Let n be (-1)/5 - ((-305)/25 + 1). Calculate the greatest common divisor of n and j.
11
Let z(l) = -l**2 + 4*l + 2. Let m be z(5). Let a be ((-18)/m - 3) + 69. What is the greatest common factor of 8 and a?
8
Let m be (-6)/15 - (-3)/(-5). Let q be 0/7 - (1 - m). Let g be (q - -1)*(-1 - 8). Calculate the highest common factor of 6 and g.
3
Let x = 11 - 0. Suppose 5*d - 4*i + x + 3 = 0, 0 = -4*d + 5*i - 13. Let u be (0 - (-4)/d) + 15. What is the greatest common divisor of u and 26?
13
Let t = 29 + 3. Suppose -g = 3*g - t. What is the greatest common factor of 1 and g?
1
Let z be 105/6 - 1/(-2). Suppose 2*g - 3*g = 3*c - 428, -5*g - 308 = -2*c. What is the greatest common factor of z and c?
18
Suppose t = a + 4*t + 24, 33 = -2*a - t. Suppose 0 = m - 0*m + 3. Let n be (6/a)/(m/270). Calculate the greatest common factor of 4 and n.
4
Suppose 2*n = -4*k - 2, 2*k = 2*n + 7 - 29. Let b(f) = f**2 - 6*f + 3. Let w be b(n). Calculate the greatest common factor of w and 80.
10
Let b be 3 - ((-1)/(-1) - 2). Suppose -b*u - 90 = -7*u. Let l be -5*(36/(-15) + 0). What is the highest common factor of u and l?
6
Let f(y) = 7*y**2 - 3. Suppose -3*n + 1 - 10 = 0. Let d be f(n). Let x(k) = 2*k**2 + 8*k + 5. Let h be x(-5). Calculate the greatest common divisor of d and h.
15
Suppose 9*n - 6*n - 441 = 0. What is the highest common factor of n and 49?
49
Let y be (25/15 + -3)/((-1)/21). What is the highest common factor of 14 and y?
14
Suppose -5*l + 2*l + 12 = 0. What is the highest common factor of 1 and l?
1
Suppose 4*s - 28 - 24 = 0. Let b(v) = 4*v**2 + 2*v - 6. Let c be b(-6). Let r = 178 - c. Calculate the highest common divisor of s and r.
13
Let y be 2*-1 + 0 - -7. Let f(u) = u**3 - 5*u**2 + 2*u - 4. Let w be f(y). Let v = 9 + -5. What is the highest common divisor of v and w?
2
Let g(i) = -i**3 + 7*i**2 + 10*i - 11. Let r be g(8). Suppose -r*n = -55 + 10. What is the highest common divisor of n and 72?
9
Let d = -8 - -17. Suppose -3*x + d = -3. Let p be (-5 + x)*(-1 + -11). Calculate the highest common factor of p and 60.
12
Suppose 4*a = 4*m + 100, 4*a = -5*m - 31 + 95. Let l = 22 - a. Suppose 2*j - j = 8. What is the highest common divisor of l and j?
1
Let x(h) be the third derivative of 19*h**4/24 - 7*h**3/6 - 4*h**2. Let z be x(5). What is the greatest common factor of 22 and z?
22
Let r(h) = -5*h + 2. Let w = 0 + -2. Let d be r(w). What is the highest common divisor of 12 and d?
12
Suppose -20*o + 22 = -18*o. Let k = o - 2. What is the greatest common factor of 1 and k?
1
Let q be (18/(-6) - 7)/((-2)/2). What is the greatest common divisor of 70 and q?
10
Let v(z) = 0 - 7*z + 1 + z**3 - 3 + 6*z**2. Let x be ((-1)/2)/((-10)/(-120)). Let w be v(x). Calculate the highest common factor of w and 8.
8
Suppose -5*s + 3*s = 0. Let b be (-15 - s)*16/(-6). Calculate the highest common divisor of 8 and b.
8
Suppose -4*g + 268 = 4*o, 4*g + 0*o - 292 = 4*o. Suppose 10 = -0*r + r. Calculate the greatest common divisor of g and r.
10
Let a = 2 - 1. Let p(b) = b**2 - 29*b + 1. Let s be p(29). Calculate the greatest common factor of s and a.
1
Let u = -121 - -136. What is the greatest common divisor of u and 105?
15
Suppose -233*f + 84 = -232*f. What is the greatest common factor of 112 and f?
28
Let h = -8 - -10. Suppose a - 5 = 2*q, 2*a + q - h*q = 4. Calculate the greatest common divisor of 4 and a.
1
Let q = 4 - 0. Suppose 9*x - 550 = q*x. Calculate the greatest common divisor of x and 10.
10
Let t be 120/(-9)*(-1 - 2). Suppose 16 = -b + t. What is the highest common factor of b and 72?
24
Let h be (-39)/(-9) + (-4)/(-6). Suppose -2*o + 17 = h*n, 0 = -5*o + 3*n + 2*n + 60. What is the highest common factor of o and 33?
11
Let a(c) = c + 9. Suppose 15 = -3*b - 3. Let f be a(b). What is the greatest common factor of 6 and f?
3
Let l be 2*(-27)/2*-1. Calculate the greatest common divisor of 135 and l.
27
Suppose 19*p - 17*p - 6 = 0. Suppose -2*f = -p*f + 84. What is the highest common divisor of f and 12?
12
Let y = -136 + 142. Let t(x) = 2*x**2 + 4*x - 1. Let w be t(-4). Calculate the highest common divisor of w and y.
3
Let v = -61 + 85. Calculate the highest common factor of v and 36.
12
Let i be (-6)/(-15) - (-624)/15. Let z = i - 26. What is the greatest common divisor of z and 176?
16
Let d(k) = 178*k - 2. Let o be d(2). Suppose 2*c = -0*p + 4*p - o, 2*c + 344 = 2*p. Let n be c/(-2) + 1/2. Calculate the greatest common factor of n and 12.
12
Let l(y) = 6*y**3 - 2*y**2 + y. Let j(v) = v**3 + 6*v**2 - 7*v + 1. Let h be j(-7). Let d be l(h). Calculate the highest common divisor of d and 45.
5
Let h = 21 - 1. Let r be (48/h)/(2/5). Let g(p) = p - 6. Let u be g(9). Calculate the greatest common factor of u and r.
3
Let a(l) = 2*l**2 - l. Let c be a(4). Let j = c + 15. Suppose -i = -j + 7. What is the highest common divisor of i and 4?
4
Let t(s) = -100*s**3 - 2*s**2 - s. Let q be t(-1). What is the highest common factor of q and 11?
11
Let o(w) = 47*w + 1. Let u be o(1). What is the greatest common divisor of 6 and u?
6
Let u(j) be the third derivative of -j**6/120 - 7*j**5/60 + 7*j**4/24 - 5*j**3/6 - 3*j**2. Let q be u(-8). What is the highest common factor of q and 24?
3
Let a = 10 + -9. What is the highest common factor of 8 and a?
1
Suppose -a - g + 14 = 0, 32 = a + 2*a + g. Let t = a + 16. Calculate the highest common factor of 250 and t.
25
Let h = 6 - -3. Let x = -56 - -119. What is the highest common divisor of x and h?
9
Let b be (-292)/(-5) - 8/20. Let k be b/(-6) - (-6)/9. Let c = k + 17. What is the greatest common factor of 16 and c?
8
Suppose 2*w - 2 = 6. Let z(k) = -k**2 - 11*k - 9. Let d = -8 - 2. Let q be z(d). Calculate the highest common factor of q and w.
1
Let k(z) = -z**3 + z**2 + z + 10. Let c(m) = m**2 - 7*m. Let i be c(7). Let g be k(i). Calculate the greatest common divisor of 110 and g.
10
Suppose 82 + 17 = -5*a + 2*j, -48 = 3*a - 5*j. Let c = -11 - a. Suppose 0 = 3*i - o - 30 - c, 2*o = -i + 18. Calculate the greatest common factor of i and 126.
14
Suppose -33 = -3*v - 0. Suppose 6*q = q - 5*x + 250, 3*q - 5*x = 190. Calculate the highest common factor of v and q.
11
Suppose -2*c + 3*c = -5*z + 61, -46 = -4*z + 2*c. Let s = 127 - 97. Calculate the greatest common factor of s and z.
6
Suppose 15 = k + 3*a, 0 = -2*k - 5*a + 6 + 25. What is the highest common factor of k and 9?
9
Let b(w) = -16*w - 154. Let j be b(-10). Let h = 0 - -2. What is the greatest common factor of j and h?
2
Let w = -19 - -31. Let j = 3 + -6. Let q be -36*(55/j)/5. What is the highest common factor of w and q?
12
Let z(p) = p**3 + 5*p**2 - 6*p + 7. Let d be -9 - ((-2)/1 - -1). Let q be (1 - -1) + 0 + d. Let b be z(q). What is the highest common factor of b and 49?
7
Let b(i) = -i**3 + 4*i**2 + 3*i + 1. Suppose 0 = -2*a - 0 - 8. Let q = a + 1. Let y be b(q). What is the highest common factor of y and 11?
11
Let d = 3 - 7. Let i be (1/2)/(d/(-2200)). Suppose -5*s + 90 = 4*y, -2*y + 2*s + 39 = -15. What is the highest common factor of y and i?
25
Let t be (-162)/135*(-30)/1. What is the highest common divisor of 36 and t?
36
Let u(w) = 29*w - 15. Let f(t) = -15*t + 8. Let z(g) = -5*f(g) - 2*u(g). Let p be z(9). What is the greatest common divisor of 13 and p?
13
Suppose 5*x + 1 = 4*r + 10, 4*r - 4*x = -4. Suppose -k = -r*k - 327. Let q = k - -261. Calculate the highest common factor of q and 19.
19
Let j(i) be the third derivative of i**5/30 + i**4/12 + 2*i**3/3 - 5*i**2. Let g be j(3). Calculate the highest common factor of g and 42.
14
Let i(g) = -g**3 - 7*g**2 + 8*g + 14. Let t be i(-8). What is the highest common factor of 2 and t?
2
Suppose 131 = 2*p - 45. Let w(b) = -5 + 5 + 4*b. Let f be w(2). Calculate the greatest common factor of f and p.
8
Let n(m) = -23*m - 2. Let r be n(-2). Let g(j) = 4*j + 28. Let t be g(-6). Calculate the greatest common divisor of t and r.
4
Let c(d) = -2*d**2 - 34*d + 94. Let z be c(-19). Let v be (-1)/(-4) - (-142)/8. What is the highest common divisor of v and z?
18
Suppose -3*b - b + 71 = 3*h, -3*b - 99 = -5*h. Calculate the highest common divisor of 42 and h.
21
Let j = -67 + 111. Suppose u - 3*y + 5*y - 24 = 0, -3*u + 52 = y. Suppose -3*m + u = -17. What is the greatest common divisor of